be 2/(-6) + 64/v. Calculate the greatest common factor of w and 15.
5
Let l(c) = -c**2 + 7*c + 26. Let s be l(12). Let a = s + 94. What is the greatest common divisor of 6 and a?
6
Suppose 3*q - 26 = 2*y + 6, 2*q + y - 19 = 0. Suppose -20 = -k + 10. Calculate the highest common factor of k and q.
10
Let s be 0 - 0/(-3 + 2). Let f = s + 18. Let m(q) = q**3 + 64*q**2 + 181*q - 77. Let y be m(-61). What is the greatest common divisor of y and f?
9
Let o = -744 + 769. Suppose -m + 525 = 2*m. Calculate the greatest common divisor of o and m.
25
Let d = 36 + -3. Let s be -2*1 + (d - 3). Let k(p) = 50*p - 48. Let q be k(6). Calculate the greatest common divisor of s and q.
28
Let y = 21 - -15. Suppose -27 = 4*a - 7*a. Calculate the greatest common factor of y and a.
9
Suppose 2*o = 5*n - 18, 3*n - 5 = 3*o + 4. Suppose i + i + n*h = 244, -4*i - 5*h = -476. What is the greatest common divisor of i and 171?
57
Let x(n) = 3*n**2 + 2*n - 32. Let b be x(-7). Let r = 105 - b. What is the highest common divisor of r and 4?
4
Let u be (-2)/(-5) + (-4 - (-324)/15). What is the greatest common factor of u and 36?
18
Suppose -l = -4*b - 25, 2*b - 3*l + 5 = -0. Let q = 27 + b. Let d(z) = 2*z**2 + 4*z. Let t be d(3). Calculate the highest common factor of t and q.
10
Let m = -134 + 185. What is the greatest common factor of m and 663?
51
Let m(x) = -17*x - 1. Let d be m(-1). Let v be (36/21)/((-138)/(-20608)). Calculate the greatest common divisor of v and d.
16
Let u = 16 - 28. Let f be (6/u)/((-2)/88). Let z(o) = -o + 13. Let b be z(11). What is the greatest common divisor of f and b?
2
Suppose -55*g + 8*g = -2585. Calculate the highest common divisor of g and 22.
11
Let u = -940 - -1400. What is the highest common factor of 20 and u?
20
Let h(l) = 26*l - 56. Let a be h(5). Calculate the greatest common divisor of 222 and a.
74
Let m(v) = 37*v**3 + v**2. Let j be m(1). Suppose -x + 2*u - 27 = 0, 2*x - 42 = 3*x + 3*u. Let o = x + j. What is the greatest common divisor of 2 and o?
1
Suppose -2*r - 112 = -6*r - 4*k, 2*r = 3*k + 81. What is the greatest common factor of 231 and r?
33
Let l(w) = -2*w**2 + 37*w + 28. Let i be l(19). What is the highest common factor of 153 and i?
9
Let q = -468 - -762. Suppose -q = -5*l + 246. Suppose -3*s = -6*s + l. Calculate the highest common factor of 9 and s.
9
Let r be ((-224)/(-48))/((-1)/(-54)). What is the highest common divisor of r and 24?
12
Let c(a) = 2*a + 1. Let w(d) = -17*d + 5. Let r(y) = 3*c(y) - w(y). Let b be r(4). What is the greatest common factor of b and 36?
18
Let w(p) = p**2 - 4*p + 2. Let q be w(4). Let v be (-25)/(2/4*-1). Suppose -3*o = 0, -2*o - v = -5*j - 0*o. Calculate the highest common factor of j and q.
2
Suppose -4*d + 90 = h, -5*d = 5*h - 4*h - 113. Let f(t) = -6*t - 16. Let o be f(-5). Let r = o - -9. What is the highest common divisor of d and r?
23
Let g = -437 + 646. What is the highest common divisor of g and 19?
19
Let j be 33/(-22)*2/3. Let r(s) = 5*s**2 + 2*s. Let v be r(j). Calculate the greatest common factor of 2 and v.
1
Let i be 36/63*(-7)/(-2). Let o be (-2 - -5) + -4 - -6. Suppose 0 = g - o*n - 25, -g - i*n + 0 = 3. What is the highest common factor of 15 and g?
5
Let m be 6/(-39) - (-8 - (-528)/(-52)). What is the highest common factor of 10 and m?
2
Suppose -f = 2*f. Suppose -5*k - 17 + 167 = f. Suppose -3*y + 54 = x, -4*y + 219 = 3*x + 22. Calculate the highest common factor of k and x.
15
Let h = 451 - 361. Calculate the greatest common divisor of h and 390.
30
Let y = -630 + 795. Let s be 1/2*(0 - -10). Let f = 20 - s. What is the greatest common divisor of f and y?
15
Let x(q) = -q**2 + 19*q + 21. Let z be x(6). Let l be 3*(5 + 3 + -5). What is the greatest common factor of l and z?
9
Let i(g) = -g**2 + 1. Let p be i(2). Let v be 39*((-8)/p)/4. Let t be 144/78 + 4/v. Calculate the highest common divisor of t and 10.
2
Let n(o) = o**2 + 9*o - 32. Let h be n(-14). Let c be (1 - 153)*3/(-6). Calculate the greatest common divisor of h and c.
38
Let d(o) = 7*o**3 - 2. Let k(u) = 15*u**3 - 5. Let n(f) = 13*d(f) - 6*k(f). Let j = -2 - -2. Let z be n(j). What is the highest common factor of z and 44?
4
Let n be -365*(4/6)/(5/3). Let o = n + 184. Calculate the highest common divisor of o and 190.
38
Let j = -124 - -184. What is the highest common factor of j and 40?
20
Let g = -354 + 369. Let l(y) = y**2 - 2*y - 2. Suppose 4*q - 12 + 0 = 2*j, -5*q = -4*j - 12. Let r be l(q). What is the highest common factor of r and g?
3
Suppose s - 18 = 3*f, -16*f + 11*f = -2*s + 40. What is the highest common divisor of 60 and s?
30
Suppose 3*d - 9*d + 126 = 0. Let a be (-3 + (-20)/(-3))*d. What is the highest common divisor of 11 and a?
11
Let b be 1*(1 - 0)*26. Let n = -22 + b. Let v be (72/20 - n)*-35. What is the greatest common factor of v and 14?
14
Let g be (-31)/31*(-47 - -1). Calculate the greatest common factor of g and 667.
23
Let w(n) = -n**2 - n + 1. Let m(t) = -4*t**2 - 11*t + 7. Let d(u) = m(u) - 5*w(u). Let f be d(7). Calculate the greatest common factor of 9 and f.
9
Suppose 4*c = -2*m - 288, -4*c - 5*m = c + 355. Let g = c + 93. Suppose 4*h + 2*p - 11 - 31 = 0, 12 = h + 2*p. What is the greatest common factor of h and g?
10
Suppose -136 = -3*b - 2*n, 4*n - 2 = 3*n. What is the highest common factor of b and 1364?
44
Let v(i) = -i**2 + 6*i + 17. Let r be ((2 - -3) + -6)*-7. Let m be v(r). Calculate the greatest common factor of 15 and m.
5
Suppose -14 = -k - 4*v, 0 = 5*k + 2*v - 20 + 4. Suppose 5*x - 2*j - 435 = 3*j, -3*x = -k*j - 265. What is the greatest common factor of x and 13?
13
Let f be 1/(4*3/60). Suppose -k = -l + 13, -3*l + f*k - 3*k = -42. What is the greatest common divisor of l and 2?
2
Let l(d) = d**3 - d**2 - 4*d - 1. Let q be l(6). Suppose 4*m - 318 = -5*v, 475 = -4*v - 3*m + 729. What is the highest common divisor of q and v?
31
Let o be (-77)/(1*(3 + -4)). Calculate the greatest common divisor of o and 11.
11
Let r be 3/12*-206*2. Let f = r + 113. What is the highest common divisor of f and 160?
10
Suppose 0 = 4*c + c - 5*k, c = -5*k + 30. Suppose -q = -3*a + 95, -q = c*a + q - 162. What is the highest common divisor of a and 48?
16
Suppose -9*b + 12*b = 36. Let q(d) = 4*d**2 + 36*d - 12. Let z be q(-15). Calculate the highest common divisor of z and b.
12
Suppose 0*o + 5*o + 75 = 0. Let w be -200*(-3)/(o/(-2)). Let d(v) = 5*v. Let l be d(2). Calculate the highest common divisor of l and w.
10
Suppose h - 29 = 2*i, -4*i - h = -3*i + 16. Let v = -6 - i. Calculate the greatest common divisor of 18 and v.
9
Let l be -100*12/(-22) + (-24)/44. Calculate the greatest common divisor of 108 and l.
54
Suppose -15*j = -12*j. Suppose g - 2*d - 18 + 5 = j, -2*g = -3*d - 25. What is the greatest common divisor of g and 44?
11
Suppose -122 = 5*w - 3*i - 344, -w = 5*i - 22. What is the highest common divisor of w and 238?
14
Suppose 36 = -q + 3*w + 121, -5*w = -5. Let s = -2 + 6. Suppose q - 8 = s*p. What is the greatest common factor of p and 30?
10
Let k be -4*-121*5/20. Calculate the greatest common factor of k and 11.
11
Suppose -384 = -4*j - 2*d, 96 = j - 4*d + d. Let s be (-3)/(-9) + 142/6. Let u = -12 + s. What is the highest common divisor of j and u?
12
Let l be 3*(3/(-9) - (-40)/12). Suppose -2*v = -3*v + 45. What is the greatest common divisor of v and l?
9
Suppose -3*n + 781 + 1537 = 2*w, w = n - 766. What is the highest common divisor of 330 and n?
110
Suppose -4*t - 8 = -6*t. Let i = -3 + t. Let h be (-3 - -2)*-1*i. Calculate the greatest common divisor of h and 1.
1
Let j be -5*(-2)/(30/33). Suppose -l + j - 3 = 0. Suppose 2*z - l = 8. What is the highest common factor of 4 and z?
4
Let l be (-1122)/(-8) + (-36)/144. Let i = -139 + l. What is the greatest common divisor of i and 1?
1
Suppose 1320 - 24 = 27*p. What is the greatest common divisor of 48 and p?
48
Let i be 6/(-9)*-115 - (-1)/3. Let u be 21/28*(-1 + 0 + i). Calculate the highest common factor of 95 and u.
19
Let t = 30 + -51. Let a = t - -23. Suppose -2*c - 5*w = 2*c - 82, 0 = -w + a. What is the highest common factor of c and 45?
9
Let q = -120 - -188. What is the greatest common divisor of 51 and q?
17
Let l = 1785 + -1343. What is the highest common factor of l and 238?
34
Let x be 2/4 + (-195)